5*o + 2*o = -4*f + 8. Let a(i) = -5*i + i**f + 4 + i - 2*i. What is a(5)?
-1
Let w(p) be the third derivative of -p**5/60 + 7*p**4/24 - 2*p**3 + 18*p**2. What is w(8)?
-20
Let m(x) = x + 8. Let z be m(-7). Let b(w) = -8*w + 8. Let q(p) = 2*p - 3. Let d(g) = b(g) + 3*q(g). Calculate d(z).
-3
Suppose -5*s + 48 - 8 = 0. Let z = s - 0. Let y(a) = 10*a**2 - 34*a + 19. Let b(m) = 3*m**2 - 11*m + 6. Let k(o) = 7*b(o) - 2*y(o). What is k(z)?
-4
Let d(x) = 7*x**2 - 14*x + 19. Let i(j) be the first derivative of 11*j**3/3 - 21*j**2/2 + 29*j + 9. Let u(b) = 8*d(b) - 5*i(b). Determine u(5).
-3
Let v(z) = -33*z + 1. Suppose 13*w + 18 = 31. Give v(w).
-32
Let j(q) = -4*q + 3. Let f(h) = 13*h - 10. Let w(c) = 2*f(c) + 7*j(c). Let u(r) = -r + 9. Suppose 3*p + 54 = 12*p. Let a be u(p). Calculate w(a).
-5
Let y(s) = 2*s + 17. Let g be y(-7). Let v(z) = -7*z**2 + 25*z**3 - 10*z**3 + 8*z - 14*z**g. What is v(6)?
12
Let f(g) = g**3 + g**2 - g + 6. Let c(t) = -t. Suppose 0 = -5*w - 3*k - 7, 0 = 4*w - 4*k - 19 - 1. Let z(q) = w*f(q) - 2*c(q). Calculate z(0).
6
Let t(v) = -v**3 - v**2 - 4*v + 3. Suppose 0 = -3*r - 3*m, r - 5*m - 10 = 4*r. Suppose 4*y - 5*c + 7*c = 6, r = -5*c. Give t(y).
-17
Let w(f) = -5*f**2 + 10*f + 2. Let r(g) = -4*g**2 + 9*g + 2. Let z = 19 + -15. Let m = 7 + -10. Let h(s) = m*w(s) + z*r(s). Give h(6).
2
Let h(x) = 5*x. Let u(c) = -5*c + 15. Let m be u(0). Suppose v - 4*f = 15, -m*f + 11*f - 20 = 4*v. Give h(v).
-5
Let h(k) = -9*k - 3. Let j(z) be the second derivative of -2*z**3/3 - z**2 - 14*z. Let d(a) = 3*h(a) - 7*j(a). What is d(0)?
5
Let i(t) = -t**3 + 5*t**2 - 2*t - 3. Let a = 1461 - 1457. Determine i(a).
5
Let u(s) be the third derivative of 0 + 0*s - 1/24*s**4 - 7*s**2 - 1/6*s**3 + 2/15*s**5. Let g = 1 - 2. Give u(g).
8
Let m(p) = 3*p - 1. Let w(c) = 3*c - 2. Let j be 5*(-1 + 2) + -3. Suppose -24 = -j*n + 4*g, -5*n + 0*g = 2*g. Let f(l) = n*w(l) - 3*m(l). Determine f(3).
-10
Let t(j) be the first derivative of -j**3/3 - 7*j**2/2 + j - 93. Suppose -3*y + 0*y = -3*c - 24, -3*c + 2*y - 22 = 0. Calculate t(c).
7
Let g(c) = -c - 7. Suppose v + 25 = 3*z, 5*z = -2*v - 0*v + 5. Determine g(v).
3
Let l(w) = 3*w - 3. Let a(s) = -s**3 - 6*s**2 + s + 7. Let t be a(-6). Let x(h) = -h + t - h + 0. Let f(v) = 2*l(v) + 5*x(v). Calculate f(-1).
3
Let y(m) = -m**2 + 3*m - 5. Let u be (-6)/10 + (-989)/(-215). Determine y(u).
-9
Let g(q) be the third derivative of 7/24*q**4 + 2/3*q**3 + 0*q - 1/60*q**5 - 2*q**2 + 1. What is g(7)?
4
Suppose 0 = n - 4*h - 20, -h - 25 = -3*n + 4*h. Let b(u) be the second derivative of u**5/20 + u**4/12 + u**3/6 + 4*u**2 + 2*u. What is b(n)?
8
Let u(i) = -i**3 + 9*i**2 + 12*i - 15. Let a be 37 - -10 - (1 - (3 - 1)). Let m = a + -38. What is u(m)?
5
Let t = -10 + 303. Let l(i) = t*i - 147*i - 150*i + 1. What is l(4)?
-15
Suppose -3*f - 3*b + 5 = -4*b, 5*f = -4*b + 14. Let l(i) = 0*i + 9 - 7 - 6 + f*i. Determine l(3).
2
Let s(p) = 28*p**2 - 3*p - 4. Let f(k) = 113*k**2 - 13*k - 18. Let o(c) = 2*f(c) - 9*s(c). Calculate o(1).
-25
Let v(o) = o**2 + 14*o + 15. Suppose 43*s - 54*s = 110. Give v(s).
-25
Let g(k) = k**2 + 9*k + 16. Let h(t) = -8*t + 1. Let s be h(1). Let j be g(s). Let o(c) = 6*c - 7. Let w(u) = -1. Let n(r) = -o(r) + 6*w(r). Determine n(j).
-11
Let j = 273 + -280. Let q(h) = h**3 + 6*h**2 - 5*h - 1. Give q(j).
-15
Let g(t) = t**2 + 4*t + 1. Suppose 2*y - 1 = 5. Suppose 7*o = y*o - 20. Give g(o).
6
Let z(j) = 2*j + 2 + 1 + 1 - j**2. Let b be (-20)/(-6)*(3 + (-36)/20). Determine z(b).
-4
Let v(a) = -84*a - 119*a + 237*a. Calculate v(1).
34
Let w(g) = -g**2 - 10*g + 31. Let y be w(-13). Let u(z) = -z**2 - 7*z - 4. What is u(y)?
-12
Let p(y) be the third derivative of y**5/2 - y**4/12 - y**3/6 + 68*y**2. Determine p(-1).
31
Suppose -4*o - 12 = 0, 0 = -3*k - 3*o - 5 + 2. Let h(f) = 3*f**3 - k*f**2 + 0*f**3 - 4*f**3 + 1. Let y = -1 - 0. Determine h(y).
0
Suppose 5*u + 24 = 64. Let n(w) be the first derivative of -u - 1/2*w**2 - w. Give n(-6).
5
Let u(t) = -3*t + 14*t + 1 - t**2 - 7*t + 11. Determine u(5).
7
Let k = -26 + 29. Let q(n) = -k*n + 5*n - 4*n - 5*n. What is q(-1)?
7
Let c(a) = -122*a + 8. Let g(j) = -26*j + 2. Let h(n) = 3*c(n) - 14*g(n). Let m = 2 + -7. Give h(m).
6
Let d(k) = 0*k**2 - 6 + 1 - 11 + 7*k - 16*k - k**2. Calculate d(-7).
-2
Let i(z) be the third derivative of 0 - 19*z**2 + 0*z + 5/6*z**3 + 1/24*z**4. Determine i(-7).
-2
Let m = 4 - -3. Let c(v) = 29*v**2 + 7*v - 6. Let g(w) = 18*w**2 + 5*w - 4. Let q(s) = 5*c(s) - 8*g(s). What is q(m)?
16
Suppose 0 = -2*g - 1 - 5. Let q be (-7 - -6)/(1/(-3)). Let d(h) = -201 + 201 - q*h. Determine d(g).
9
Let m(l) = l**3 - 3*l**2 + l - 1. Let h be m(3). Let f be 2 - (20/h + -2). Let s(x) = -2*x**2 - 285*x + 293*x + 9 + 3*x**2. Calculate s(f).
-3
Let n = -6 - -11. Let a(r) = -3*r - 12*r + 8*r - 2*r + 5. Let m(y) = 26*y - 15. Let o(z) = -17*a(z) - 6*m(z). Determine o(n).
-10
Let a be (-10)/(-12) - 273/(-234). Let t(f) = 7*f**a - 7*f**2 - 6*f - f**2 - 4. Let d(m) = 2*m**3 + 3*m**2 + 2*m + 3. Let x be d(-2). What is t(x)?
1
Let t = 28 - 29. Let s(g) = -11*g**3 - g**2 + 2*g + 1. Calculate s(t).
9
Let n(o) = -o - 5. Let b(c) = c**3 - 12*c**2 + 2*c - 28. Let z be b(12). Determine n(z).
-1
Let u(v) = 2*v - 8. Let t(o) = -o**2 + 4. Let q be t(0). Let r(c) = 2*c - 5. Let d be r(q). Suppose -d*b = b - 24. Determine u(b).
4
Let s be (12/(-8))/(-9*3/(-72)). Let u(n) = 3*n + 2. Give u(s).
-10
Let w(o) = 2*o**3 - 4*o**2 + 2*o + 1. Let s(g) = 3*g - g - 3*g + 4. Let j(p) = -p**3 - 29*p**2 + 32*p + 62. Let h be j(-30). Let u be s(h). Give w(u).
5
Let o = 1908 - 1905. Let f(d) = -d**2 + 2*d. What is f(o)?
-3
Let m(h) = 5*h + 8. Let i(z) = -13*z - 23. Let g(s) = -4*i(s) - 11*m(s). Calculate g(-7).
25
Let b(k) = k**3 + k**2 - k + 7. Let c be 6/(-4)*(-32)/(-12). Let z = 4 + c. Calculate b(z).
7
Let m(a) be the second derivative of 1/12*a**4 + 0 + 0*a**2 + 1/10*a**5 - 1/6*a**3 + 14*a. Calculate m(1).
2
Let f be 20/(-6)*(-18)/(-15). Let u(a) = -a. Let o(g) = 5*g + 1. Let t(v) = f*o(v) - 18*u(v). Give t(-6).
8
Let q(s) = -s**3 + 3*s**2 + 3*s + 1. Suppose 0*w - 4*w + 32 = 0. Suppose 4*u = w*u. Suppose -n + u*n = -3. Determine q(n).
10
Suppose -u + 3*w = 4, 3*w + 13 = -4*u - 3. Let r(t) = t**3 + 3*t**2 - 4*t + 1. Let j be r(u). Let p(m) = 7*m - 1. Calculate p(j).
6
Let c(q) = 2*q - 2. Suppose -1216*z = -1223*z - 42. Determine c(z).
-14
Let g(r) = r**3 - 4*r**2 + 2*r - 3. Let t(u) = -u**2 + 13*u - 9. Let s be t(9). Suppose -4*l = -s + 11. What is g(l)?
5
Let a be (-3)/(-2)*8/6. Let x(w) = -w**3 + 17*w**2 - 42*w + 2. Let m be x(14). Let y(b) = 1 - b**2 + a*b - 4 - 1 + m*b. What is y(4)?
-4
Let b(h) = -h - h**2 + 2*h + h - 1 - h. Let q be b(0). Let j be q/(-3) - (-70)/15. Let m(x) = x**2 - 6*x. Give m(j).
-5
Let s(g) be the third derivative of g**5/60 + 5*g**4/12 + 5*g**3/2 + 51*g**2 - 3. What is s(-10)?
15
Let z(t) be the second derivative of -t**3/2 + 5*t**2 + 41*t. What is z(3)?
1
Suppose -3*l = 24 - 33. Suppose 5*q - l*n = 24 - 4, q - 2*n - 11 = 0. Let r(c) = 8*c + 1. Let u(b) = 17*b + 2. Let a(v) = 9*r(v) - 4*u(v). Give a(q).
5
Let k(r) be the first derivative of -r**4/24 + 5*r**3/3 + 3*r**2/2 - 12. Let l(f) be the second derivative of k(f). Give l(6).
4
Let w(p) = -359*p**3 + 2*p**2 + 3*p**2 - p + 3 + 358*p**3. Calculate w(4).
15
Let o(p) = -p + 5. Let t(i) = -i**2 + 158 - 308 + 166 + 3*i. Let d be t(5). Give o(d).
-1
Suppose 7*u + 13 - 27 = 0. Let j(s) = -s**2 - 2*s + 2. Calculate j(u).
-6
Let u(a) be the first derivative of -1/2*a**2 + 8/3*a**3 - 13 + a. Give u(1).
8
Let s = -216 - -209. Let g(y) = y**2 + 8*y - 4. Give g(s).
-11
Let i(k) = -k**2 + 6*k + 3. Let s = -296 - -301. Give i(s).
8
Let x(z) = -3*z - 2. Let m = 619 + -614. Give x(m).
-17
Let s(o) be the first derivative of o**3/3 - 10*o - 381. Determine s(4).
6
Let d(m) be the second derivative of -m**3/3 + 41*m. Suppose 3*p - p + 24 = 0. Let k = p - -17. Give d(k).
-10
Let t(f) = 1 - 2*f + 4*f - 5*f + 9*f**2. Suppose 73*q - 74*q + 2 = 0. Give t(q).
31
Let b be 3*(-4)/(-18)*-3. Let d(w) = 2*w - 4. Let y(o) be the third derivative of o**4/8 - 5*o**3/6 - 19*o**2. Let f(x) = 5*d(x) - 4*y(x). What is f(b)?
4
Suppose -2*u - 6 = -m - 2, 0 = -5*m + 5*u + 25. Suppose -m*c + 24 = -2*c. Let l(s) = -4*s + 1 - s**3 + 4 - 2 - c*s**2 - 2. 